{"id":965,"date":"2025-03-29T15:42:58","date_gmt":"2025-03-29T15:42:58","guid":{"rendered":"http:\/\/poborski.eu\/?page_id=965"},"modified":"2025-05-20T20:53:24","modified_gmt":"2025-05-20T20:53:24","slug":"gaussian-splatting-3dgs","status":"publish","type":"page","link":"https:\/\/poborski.eu\/?page_id=965","title":{"rendered":"GAUSSIAN SPLATTING [\u00a03DGS]"},"content":{"rendered":"\n<p><\/p>\n\n\n\n<p>Id\u0105c z duchem czasu i po wielu zabawach z fotogrametri\u0105 i LIDARem \u2013 czas na gaussian splatting.<\/p>\n\n\n\n<p>W przeciwie\u0144stwie do tradycyjnych metod bazuj\u0105cych na siatkach wielok\u0105t\u00f3w (mesh), Gaussian Splatting u\u017cywa chmury punkt\u00f3w z dynamicznymi warto\u015bciami Gaussa do realistycznego odwzorowania sceny.<\/p>\n\n\n\n<figure class=\"wp-block-image size-full\"><img fetchpriority=\"high\" decoding=\"async\" width=\"1024\" height=\"609\" src=\"https:\/\/poborski.eu\/wp-content\/uploads\/2025\/03\/3da1.webp\" alt=\"\" class=\"wp-image-966\" srcset=\"https:\/\/poborski.eu\/wp-content\/uploads\/2025\/03\/3da1.webp 1024w, https:\/\/poborski.eu\/wp-content\/uploads\/2025\/03\/3da1-300x178.webp 300w, https:\/\/poborski.eu\/wp-content\/uploads\/2025\/03\/3da1-768x457.webp 768w\" sizes=\"(max-width: 1024px) 100vw, 1024px\" \/><figcaption class=\"wp-element-caption\"><em><sup>wizualizacja 3D :&nbsp;D.Poborski&nbsp;[2024]<\/sup><\/em><\/figcaption><\/figure>\n\n\n\n<p><strong>Gaussian splatting<\/strong>&nbsp;to stosunkowo nowa metoda wykorzystywana w grafice komputerowej 3D oraz wizji komputerowej do renderowania neuralnych p\u00f3l radiancji (<strong>NeRF<\/strong>). Reprezentuje z\u0142o\u017cone sceny 3D za pomoc\u0105 zbioru&nbsp;<em>Gauss\u00f3w<\/em>, kt\u00f3re s\u0105 ci\u0105g\u0142ymi plamami w przestrzeni. Gaussy przybli\u017caj\u0105 kolor i przezroczysto\u015b\u0107 sceny z r\u00f3\u017cnych punkt\u00f3w widzenia.<\/p>\n\n\n\n<figure class=\"wp-block-embed is-type-video is-provider-youtube wp-block-embed-youtube wp-embed-aspect-16-9 wp-has-aspect-ratio\"><div class=\"wp-block-embed__wrapper\">\n<iframe title=\"zamki i pa\u0142ace - 3D - [ pa\u0142ac Tarce]\" width=\"500\" height=\"281\" src=\"https:\/\/www.youtube.com\/embed\/D3wNCR0-OUQ?feature=oembed\" frameborder=\"0\" allow=\"accelerometer; autoplay; clipboard-write; encrypted-media; gyroscope; picture-in-picture; web-share\" referrerpolicy=\"strict-origin-when-cross-origin\" allowfullscreen><\/iframe>\n<\/div><figcaption class=\"wp-element-caption\"><em><sup>zdj\u0119cia \/ monta\u017c \/ obr\u00f3bka 3D :&nbsp;D.Poborski&nbsp;[2024]<\/sup><\/em><\/figcaption><\/figure>\n\n\n\n<p>Zamiast tradycyjnego u\u017cywania siatek wielok\u0105towych (poligon\u00f3w) lub siatek wokseli,&nbsp;<strong>Gaussian splatting<\/strong>&nbsp;umo\u017cliwia bardziej wydajny i elastyczny spos\u00f3b modelowania scen 3D. Dzi\u0119ki matematycznym w\u0142a\u015bciwo\u015bciom funkcji Gaussa, metoda ta pozwala na renderowanie bardzo szczeg\u00f3\u0142owych i fotorealistycznych obraz\u00f3w, jednocze\u015bnie lepiej zarz\u0105dzaj\u0105c z\u0142o\u017cono\u015bci\u0105 obliczeniow\u0105 w por\u00f3wnaniu do tradycyjnych technik renderowania 3D.<\/p>\n\n\n\n<figure class=\"wp-block-image size-large\"><img decoding=\"async\" width=\"1024\" height=\"609\" src=\"https:\/\/poborski.eu\/wp-content\/uploads\/2025\/03\/wlkp1-1024x609.webp\" alt=\"\" class=\"wp-image-967\" srcset=\"https:\/\/poborski.eu\/wp-content\/uploads\/2025\/03\/wlkp1-1024x609.webp 1024w, https:\/\/poborski.eu\/wp-content\/uploads\/2025\/03\/wlkp1-300x178.webp 300w, https:\/\/poborski.eu\/wp-content\/uploads\/2025\/03\/wlkp1-768x457.webp 768w, https:\/\/poborski.eu\/wp-content\/uploads\/2025\/03\/wlkp1.webp 1359w\" sizes=\"(max-width: 1024px) 100vw, 1024px\" \/><figcaption class=\"wp-element-caption\"><em><sup>wizualizacja 3D :&nbsp;D.Poborski&nbsp;[2024]<\/sup><\/em><\/figcaption><\/figure>\n\n\n\n<p>zalety <strong>GAUSSIAN SPLATTING<\/strong>:<\/p>\n\n\n\n<ul class=\"wp-block-list\">\n<li><strong>Fotorealistyczno\u015b\u0107<\/strong> \u2013 dzi\u0119ki p\u0142ynnemu mieszaniu kolor\u00f3w i o\u015bwietlenia umo\u017cliwia uzyskanie bardzo realistycznych wizualizacji bez potrzeby tworzenia z\u0142o\u017conych tekstur i shader\u00f3w.<\/li>\n<\/ul>\n\n\n\n<ul class=\"wp-block-list\">\n<li><strong>Szybko\u015b\u0107 przetwarzania<\/strong> \u2013 metoda ta jest znacznie bardziej wydajna ni\u017c klasyczne techniki bazuj\u0105ce na meshu, co pozwala na szybkie renderowanie skomplikowanych scen.<\/li>\n<\/ul>\n\n\n\n<ul class=\"wp-block-list\">\n<li><strong>Rekonstrukcja ze zdj\u0119\u0107<\/strong> \u2013 mo\u017cna go u\u017cy\u0107 do konwersji zdj\u0119\u0107 budynk\u00f3w i wn\u0119trz na modele 3D, co jest szczeg\u00f3lnie przydatne w dokumentacji architektonicznej czy digitalizacji zabytk\u00f3w.<\/li>\n<\/ul>\n\n\n\n<ul class=\"wp-block-list\">\n<li><strong>Brak potrzeby retopologii<\/strong> \u2013 w tradycyjnych metodach cz\u0119sto wymagane jest optymalizowanie siatek (retopologia), natomiast Gaussian Splatting dzia\u0142a dobrze bez tej dodatkowej pracy.<\/li>\n<\/ul>\n\n\n\n<figure class=\"wp-block-embed is-type-video is-provider-youtube wp-block-embed-youtube wp-embed-aspect-16-9 wp-has-aspect-ratio\"><div class=\"wp-block-embed__wrapper\">\n<iframe title=\"zamki i pa\u0142ace - 3D - [pa\u0142ac w S\u0142awikowie]\" width=\"500\" height=\"281\" src=\"https:\/\/www.youtube.com\/embed\/d6RSvJVvUXo?feature=oembed\" frameborder=\"0\" allow=\"accelerometer; autoplay; clipboard-write; encrypted-media; gyroscope; picture-in-picture; web-share\" referrerpolicy=\"strict-origin-when-cross-origin\" allowfullscreen><\/iframe>\n<\/div><figcaption class=\"wp-element-caption\"><em><sup>zdj\u0119cia \/ monta\u017c \/ obr\u00f3bka 3D :&nbsp;D.Poborski&nbsp;[2024]<\/sup><\/em><\/figcaption><\/figure>\n\n\n\n<figure class=\"wp-block-embed is-type-video is-provider-youtube wp-block-embed-youtube wp-embed-aspect-16-9 wp-has-aspect-ratio\"><div class=\"wp-block-embed__wrapper\">\n<iframe title=\"zamki i pa\u0142ace - 3D - [dw\u00f3r w Baranowie]\" width=\"500\" height=\"281\" src=\"https:\/\/www.youtube.com\/embed\/GsHfOb8esAI?feature=oembed\" frameborder=\"0\" allow=\"accelerometer; autoplay; clipboard-write; encrypted-media; gyroscope; picture-in-picture; web-share\" referrerpolicy=\"strict-origin-when-cross-origin\" allowfullscreen><\/iframe>\n<\/div><figcaption class=\"wp-element-caption\"><em><sup>zdj\u0119cia \/ monta\u017c \/ obr\u00f3bka 3D :&nbsp;D.Poborski&nbsp;[2024]<\/sup><\/em><\/figcaption><\/figure>\n\n\n\n<figure class=\"wp-block-embed is-type-video is-provider-youtube wp-block-embed-youtube wp-embed-aspect-16-9 wp-has-aspect-ratio\"><div class=\"wp-block-embed__wrapper\">\n<iframe title=\"zamki i pa\u0142ace - 3D - [pa\u0142ac w \u0141anach]\" width=\"500\" height=\"281\" src=\"https:\/\/www.youtube.com\/embed\/6wjNXWTcrig?feature=oembed\" frameborder=\"0\" allow=\"accelerometer; autoplay; clipboard-write; encrypted-media; gyroscope; picture-in-picture; web-share\" referrerpolicy=\"strict-origin-when-cross-origin\" allowfullscreen><\/iframe>\n<\/div><figcaption class=\"wp-element-caption\"><em><sup>zdj\u0119cia \/ monta\u017c \/ obr\u00f3bka 3D :\u00a0D.Poborski\u00a0[2025]<\/sup><\/em><\/figcaption><\/figure>\n\n\n\n<p>Je\u017celi zainteresowa\u0142a Ci\u0119 technologia fotogrametrii, NERF czy gaussian splatting \u2013 zapraszam do&nbsp;<strong>kontaktu<\/strong>&nbsp;\u2013 us\u0142ugi dronem, modelowanie 3D, filmy reklamowe obiektu, materia\u0142y z prac budowlanych \/ remont\u00f3w i inne [wykonuj\u0119 obloty, dostarczam materia\u0142y wideo, montuj\u0119 filmy, generuj\u0119 \/ modeluj\u0119 obiekty 3D].<\/p>\n\n\n\n<figure class=\"wp-block-image size-large\"><img decoding=\"async\" width=\"1024\" height=\"706\" src=\"https:\/\/poborski.eu\/wp-content\/uploads\/2025\/03\/slawikow-cp-1024x706.jpg\" alt=\"\" class=\"wp-image-975\" srcset=\"https:\/\/poborski.eu\/wp-content\/uploads\/2025\/03\/slawikow-cp-1024x706.jpg 1024w, https:\/\/poborski.eu\/wp-content\/uploads\/2025\/03\/slawikow-cp-300x207.jpg 300w, https:\/\/poborski.eu\/wp-content\/uploads\/2025\/03\/slawikow-cp-768x529.jpg 768w, https:\/\/poborski.eu\/wp-content\/uploads\/2025\/03\/slawikow-cp.jpg 1162w\" sizes=\"(max-width: 1024px) 100vw, 1024px\" \/><figcaption class=\"wp-element-caption\"><em><sup>wizualizacja 3D :&nbsp;D.Poborski&nbsp;[2024]<\/sup><\/em><\/figcaption><\/figure>\n\n\n\n<p>Technologi\u0119 GS znajdziecie w wi\u0119kszo\u015bci moich nowych wpis\u00f3w jako dodatkowa forma wizualizacji architektury.<\/p>\n\n\n\n<p><strong>przyk\u0142adowe wizualizacje:<\/strong><\/p>\n\n\n\n<ul class=\"wp-block-list\">\n<li><a href=\"https:\/\/youtu.be\/LirKDWvqkRA?si=epTzoCIicNt_pC9n\" data-type=\"link\" data-id=\"https:\/\/youtu.be\/LirKDWvqkRA?si=epTzoCIicNt_pC9n\">zamek w Oporowie<\/a><\/li>\n\n\n\n<li><a href=\"https:\/\/youtu.be\/GsHfOb8esAI?si=sC2l5XPgl-yq2CCx\" data-type=\"link\" data-id=\"https:\/\/youtu.be\/GsHfOb8esAI?si=sC2l5XPgl-yq2CCx\">dw\u00f3r w Baranowie<\/a><\/li>\n\n\n\n<li><a href=\"https:\/\/youtu.be\/d6RSvJVvUXo?si=vuJ9GM9lZyZ1VDp4\" data-type=\"link\" data-id=\"https:\/\/youtu.be\/d6RSvJVvUXo?si=vuJ9GM9lZyZ1VDp4\">pa\u0142ac w S\u0142awikowie<\/a><\/li>\n\n\n\n<li><a href=\"https:\/\/youtu.be\/BGUiJ_Oappo?si=pz4BmQT2KlIiZQQG\" data-type=\"link\" data-id=\"https:\/\/youtu.be\/BGUiJ_Oappo?si=pz4BmQT2KlIiZQQG\">pa\u0142ac w Kazimierzu<\/a><\/li>\n\n\n\n<li><a href=\"https:\/\/youtu.be\/GsHfOb8esAI?si=sC2l5XPgl-yq2CCx\" data-type=\"link\" data-id=\"https:\/\/youtu.be\/GsHfOb8esAI?si=sC2l5XPgl-yq2CCx\">pa\u0142ac Tarce<\/a><\/li>\n\n\n\n<li><a href=\"https:\/\/youtu.be\/Gm41VjCcy2c?si=dVYtvPpc5Npr6df0\" data-type=\"link\" data-id=\"https:\/\/youtu.be\/Gm41VjCcy2c?si=dVYtvPpc5Npr6df0\">browar Sob\u00f3tka G\u00f3rka &#8211; budynek dyrekcji<\/a><\/li>\n\n\n\n<li><a href=\"https:\/\/youtu.be\/fjR--ttyins?si=fg7HSR9eqJ476dTh\" data-type=\"link\" data-id=\"https:\/\/youtu.be\/fjR--ttyins?si=fg7HSR9eqJ476dTh\">\u0141ubowice &#8211; stary cmentarz<\/a><\/li>\n\n\n\n<li><a href=\"https:\/\/youtu.be\/DcmZcZh2byY?si=XslmNcCWMNb6B6hO\" data-type=\"link\" data-id=\"https:\/\/youtu.be\/DcmZcZh2byY?si=XslmNcCWMNb6B6hO\">dworzec kolejki w\u0105skotorowej &#8222;Ma\u0142a N\u0119dza&#8221;<\/a><\/li>\n<\/ul>\n\n\n\n<figure class=\"wp-block-image aligncenter size-full is-resized\"><img loading=\"lazy\" decoding=\"async\" width=\"864\" height=\"815\" src=\"https:\/\/poborski.eu\/wp-content\/uploads\/2025\/03\/clipboard01_30k-1.webp\" alt=\"\" class=\"wp-image-968\" style=\"width:395px;height:auto\" srcset=\"https:\/\/poborski.eu\/wp-content\/uploads\/2025\/03\/clipboard01_30k-1.webp 864w, https:\/\/poborski.eu\/wp-content\/uploads\/2025\/03\/clipboard01_30k-1-300x283.webp 300w, https:\/\/poborski.eu\/wp-content\/uploads\/2025\/03\/clipboard01_30k-1-768x724.webp 768w\" sizes=\"(max-width: 864px) 100vw, 864px\" \/><\/figure>\n\n\n\n<p><\/p>\n","protected":false},"excerpt":{"rendered":"<p>Id\u0105c z duchem czasu i po wielu zabawach z fotogrametri\u0105 i LIDARem \u2013 czas na gaussian splatting. W przeciwie\u0144stwie do tradycyjnych metod bazuj\u0105cych na siatkach wielok\u0105t\u00f3w (mesh), Gaussian Splatting u\u017cywa chmury punkt\u00f3w z dynamicznymi warto\u015bciami Gaussa do realistycznego odwzorowania sceny. Gaussian splatting&nbsp;to stosunkowo nowa metoda wykorzystywana w grafice komputerowej 3D oraz wizji komputerowej do renderowania [&hellip;]<\/p>\n","protected":false},"author":1,"featured_media":0,"parent":0,"menu_order":0,"comment_status":"closed","ping_status":"closed","template":"","meta":{"footnotes":""},"class_list":["post-965","page","type-page","status-publish","hentry"],"_links":{"self":[{"href":"https:\/\/poborski.eu\/index.php?rest_route=\/wp\/v2\/pages\/965","targetHints":{"allow":["GET"]}}],"collection":[{"href":"https:\/\/poborski.eu\/index.php?rest_route=\/wp\/v2\/pages"}],"about":[{"href":"https:\/\/poborski.eu\/index.php?rest_route=\/wp\/v2\/types\/page"}],"author":[{"embeddable":true,"href":"https:\/\/poborski.eu\/index.php?rest_route=\/wp\/v2\/users\/1"}],"replies":[{"embeddable":true,"href":"https:\/\/poborski.eu\/index.php?rest_route=%2Fwp%2Fv2%2Fcomments&post=965"}],"version-history":[{"count":9,"href":"https:\/\/poborski.eu\/index.php?rest_route=\/wp\/v2\/pages\/965\/revisions"}],"predecessor-version":[{"id":1833,"href":"https:\/\/poborski.eu\/index.php?rest_route=\/wp\/v2\/pages\/965\/revisions\/1833"}],"wp:attachment":[{"href":"https:\/\/poborski.eu\/index.php?rest_route=%2Fwp%2Fv2%2Fmedia&parent=965"}],"curies":[{"name":"wp","href":"https:\/\/api.w.org\/{rel}","templated":true}]}}